ppose -2*n + 1 = -5. Give t(n).
1
Let h be 2/(-10) - (-1)/5. Let w(g) be the first derivative of -g**4/4 - g**3/3 + g**2/2 - 7*g - 7. Calculate w(h).
-7
Let y(l) = 17*l**3 - 2*l**2 + 1. Let p be y(1). Let d = -10 + p. Let x(h) = 5*h + 2. Let m(t) = 11*t + 5. Let r(k) = -4*m(k) + 9*x(k). Calculate r(d).
4
Let k(d) = d - 4. Suppose 5*v = 2*v - 21. Let j = -1 - v. Calculate k(j).
2
Let r(v) = -15*v**3 - v**2 - v + 1. Let g(p) = p + 6. Let q be g(9). Let s(u) = u**2 - 15*u + 1. Let t be s(q). Determine r(t).
-16
Let m be (-1)/2 - 20/(-8). Let v(t) be the second derivative of -1/2*t**m + 0 + 2*t + 1/6*t**3. Calculate v(-2).
-3
Let d(k) = 2*k - 18. Let z be d(12). Let x = z - 2. Let p(f) = -3*f**3 - f**2 - 3*f + 8. Let n(o) = 2*o**3 + o - 4. Let s(a) = 5*n(a) + 3*p(a). Determine s(x).
4
Let j(x) = -x**3 + x - 2. Suppose 0 = 2*w + 19 - 7. Let l = w - -4. Give j(l).
4
Let p(w) be the first derivative of w**2/2 + 11*w + 9. Determine p(-8).
3
Let l(t) = 2*t**3 + 1 - 4*t**3 - 3*t**3. Give l(-1).
6
Let x(w) = w**2 - 3*w. Let s(r) = 7*r + 1. Let d be s(-1). Let y be (-2 - d)*1 - 0. Calculate x(y).
4
Let t(q) = -2*q - 3. Let s be t(-4). Suppose -s*c + 6 = -9. Let n(m) = -c + 3 + m**2 - 4 + 4*m. Calculate n(-5).
1
Suppose 0 = -n - 3*i - 0*i + 2, -5*n + 2*i = -10. Suppose -w - n*w = -15. Let k(t) = t**3 - 6*t**2 + 5*t - 1. Give k(w).
-1
Let x(u) = -u**2 - 4*u - 4. Let o be x(-2). Let h(f) be the third derivative of -f**4/24 + f**3/3 + 3*f**2. Determine h(o).
2
Let s be (-3)/((-9)/(-3)) - 5. Let p(d) = -d**2 - 6*d + 2. Let m be p(s). Let j(k) = 2 - 3*k - 6*k + 6*k. Give j(m).
-4
Suppose 1 + 1 = j. Suppose -3 = -j*v - 7. Let d(c) be the third derivative of c**4/24 - c**3/6 - c**2. Give d(v).
-3
Let c(n) be the first derivative of -n**3/3 - 5*n**2 - 10*n + 11. Let i be c(-8). Let b(d) = d**3 - 5*d**2 - 5*d + 2. Give b(i).
8
Let f(r) be the second derivative of -r**4/12 - 2*r**3/3 - r**2 - 9*r. Give f(-6).
-14
Let v = -3 - -5. Let z(s) = -s**v - 3*s + 2*s - s. Let a be (0 - -2) + -7 + 1. Determine z(a).
-8
Let n be (-6)/27 - (-60)/27. Let t(l) = l + 2 + 4*l**n - 5*l**2 - 3 - 3*l. Let g(x) = -1. Let i(d) = -5*g(d) + t(d). Calculate i(-3).
1
Suppose 2*c - 7 = -3*k + 1, 3*k = 0. Let l(b) = -b. Let z(a) = 1 + 0 + 1 + 12*a. Let x(s) = -22*l(s) - 2*z(s). Give x(c).
-12
Suppose v = 4*v. Let y(k) = k + 18. What is y(v)?
18
Let a(r) = r - 1. Let g(l) = -l**2 + 2*l - 2. Let j(x) = -2*a(x) + g(x). What is j(2)?
-4
Suppose 8 = b - y, 4*b + 3*y - 56 = -y. Let v(r) = r + 3 + b - 17. Calculate v(4).
1
Let r = 10 - 8. Let q(f) = -3*f**2 + 18*f**3 - 17*f**3 + 3 - 2*f**r - f. Give q(5).
-2
Let o(d) be the first derivative of -7/2*d**2 + 2*d - 1 + 1/3*d**3. Calculate o(5).
-8
Let v = -13 - -21. Let m(i) = v*i - 13 - 7*i**2 + 2*i**3 + 8 - i**3. Determine m(6).
7
Suppose 5*z = 16 - 91. Let m = z + 21. Let l(u) = u**2 - 8*u + 7. Determine l(m).
-5
Suppose -g = -3*g + 12. Let y(v) be the third derivative of -v**5/60 + 7*v**4/24 - 2*v**3/3 + v**2 - 36. Determine y(g).
2
Let w(i) = i**2 + i + 6. Let v(x) be the first derivative of x**2/2 + 10*x - 3. Let t be v(-8). Let h be 0 - ((t - 3) + 1). Determine w(h).
6
Suppose -5*l + 11 - 1 = 0. Let y(d) = 3*d + 1 + d**2 + l*d**3 - 3*d**3 - d. What is y(2)?
1
Let f be ((-4)/(-8))/((-3)/18). Let t = 10 - 5. Let w(a) = -2*a**2 + 0 + t - 3*a - 1. Calculate w(f).
-5
Let b(c) = c**3 + 4*c**2 - 2*c - 1. Let y(q) = -q**3 - 10*q**2 - 12*q - 13. Let t be y(-9). Suppose 0 = -2*m - t + 6. Calculate b(m).
7
Let s(b) = -22 - 33 + 4*b + 54. Let y be (-4)/14 + 30/7. Let d = y + -3. What is s(d)?
3
Suppose 0*k = 5*k - 25. Suppose -k*s + 16 = -4. Let x(c) = 0 + s*c + 2*c**2 - 3 - 2*c**2 - c**2. Give x(3).
0
Let u be (4/6)/(2/30). Suppose p - 3*p - 10 = -4*w, w - u = -2*p. Suppose -p*r + 0 = 12. Let o(i) = i**2 + 6*i + 4. What is o(r)?
-4
Let n = -1 - 0. Let t = -1 - n. Let q(d) = -5 + t*d**2 + 4*d + 0*d**2 + d**2. Calculate q(-5).
0
Let d(p) = -11 + 3*p**2 + 11*p - p**2 - 3*p**2. Let c be d(10). Let f(g) = 5*g**2 + 1. Calculate f(c).
6
Let l(v) = -3 + 2*v + 3 - v - 2. Calculate l(7).
5
Let j(y) be the second derivative of -y**3/3 + 3*y**2/2 - 2*y. Give j(3).
-3
Let g(h) = -2*h + 5*h**2 + h - 4*h**2 - 3. Calculate g(4).
9
Suppose w - 14 = -5*o + o, 0 = 5*w + 4*o - 22. Let z be (0 - -2)*(-1)/w. Let t(q) = -5*q**3 + 2*q**2 + 2*q + 1. Determine t(z).
6
Suppose 4 = 4*h - 2*h. Let n be 15/h*2/3. Let t(j) = j - 1 + 8 - 2*j. Give t(n).
2
Let s(w) = 1 + 4*w - w**2 + 1 + 2. Let r = -26 - -16. Let t = -6 - r. What is s(t)?
4
Let u(o) be the second derivative of -o**4/12 - 2*o**3/3 - 5*o**2/2 + 2*o. Let q(w) = -w**3 - 5*w**2 + 7*w + 2. Let f be q(-6). Calculate u(f).
-5
Let y(b) = -4*b**2 + 12*b - 2. Let j(q) = 5*q**2 - 13*q + 3. Let z(h) = 5*j(h) + 6*y(h). Suppose 9 = 3*w, -3*w + w - 19 = 5*g. Determine z(g).
-7
Let m(r) = 2*r + 1 - 2*r + r. What is m(2)?
3
Let z be 4 + -5 + (-2 - -5). Let p(t) = t**2 + 2*t - 3*t - z*t**2. Give p(-3).
-6
Suppose -5*s - 5*v = -15, 3*s - 4*v = 5 + 11. Suppose -s = -5*a + 1. Let l = -3 + a. Let h(w) = w. Calculate h(l).
-2
Let z be (-128)/13 + (-6)/39. Let k be (-9)/(-27) + z/(-6). Let o(g) = 4*g**2 - 3*g + 1. What is o(k)?
11
Let h(y) = 3*y**2 - y**2 - 5*y - y**2 + 2. Suppose -v - 3*v - 12 = 0. Let m be (v - -5) + -1 + 2. What is h(m)?
-4
Let p = 184 - 188. Let x(t) be the first derivative of -1 + 1/2*t**2 + 2*t. Determine x(p).
-2
Let w be 344/(-40) + 9 - (-46)/10. Let i(q) be the third derivative of 0*q**4 + 0 + 2*q**2 + 1/120*q**6 + 1/3*q**3 + 0*q + 1/60*q**w. Determine i(0).
2
Let y(r) = -4*r**3 + 9*r**3 - 6*r**3 + 5*r**2 - 3*r - 3. Give y(3).
6
Let p(x) = x**2 - 5*x - 1. Let b be (-14)/21*(-3)/1. Let o = 0 + b. Suppose 1 - 5 = -o*l - j, -5*l - 2*j = -11. Calculate p(l).
-7
Let a(f) = -f + 10. Let g be a(5). Let q(b) = b**3 - 6*b**2 + 6*b - 6. Calculate q(g).
-1
Let q(j) = j**3 - 4*j**2 + 1. Suppose -2*m = -0 - 6. Give q(m).
-8
Let y(i) = -i**2 - 6*i + 5. Let f(c) = c - 7. Let l be f(8). Let p(k) = -k**2 + k - 1. Let o(x) = l*y(x) + 5*p(x). Determine o(-1).
-5
Suppose d = 3*d + 5*o - 10, 5*o = 10. Suppose d = 3*g + 5 + 7, 3*v + 2*g - 7 = 0. Let a(r) = 0 + v - 3 - 4*r - 1. Give a(-1).
5
Let i(k) = -18*k**2 - 6*k + 1. Let n(h) = -19*h**2 - 7*h + 1. Let m(x) = -7*i(x) + 6*n(x). Let y(p) = -p + 9. Let l be y(6). Suppose 4*q - l = 1. What is m(q)?
11
Let y = 12 - 10. Let i(k) = -18*k - 1 + 16*k + 0. Calculate i(y).
-5
Let f(v) = -v**3 + 5*v**2 - 3*v - 5. Suppose -6*l - 9 + 33 = 0. What is f(l)?
-1
Let l(c) = c**2 + 5*c + 1. Let g = -10 - -5. Let i be l(g). Let y(m) = -9*m**2 + 1. Give y(i).
-8
Let g(q) = -4*q - 4 + 3*q + 11 + 4. Let z be (-28)/(-6) - (-1)/3. Give g(z).
6
Let j(h) = -h**3 + 2*h**2 + h - 3. Let g(v) = 5*v - 2*v**3 + 2*v**2 - 4 + v**3 + 1. Let q be g(3). Determine j(q).
-9
Suppose -4*g = y - 40, -3*y = -0*g + 2*g - 20. Let o(c) = c**2 - 84*c + g - 1 + 76*c. Give o(6).
-3
Suppose -p = 2*p, 5*z - 3*p = 0. Let w(m) = -1 - 1 + 1. Let x(c) = -c - 13. Let t(j) = 6*w(j) - x(j). Calculate t(z).
7
Let z(d) = d + 4. Suppose -2*l = 2*t + 2*l + 10, 0 = 4*t - 3*l - 24. Let v = -9 + t. Calculate z(v).
-2
Let k(s) = 0*s + s + 3*s - 6 + 0*s. Let t be 26/6 - (-1)/(-3). Calculate k(t).
10
Suppose -3*q = -q - 10. Let x(o) = -o - 5. Let f be x(-8). Let p(c) = c**f - 3*c + 41 - 2*c**2 - 3*c**2 - 34. Determine p(q).
-8
Let r(s) = -2*s**2 + 2*s - 1. Suppose 1 = b - 2*v + 5, -5*b - 5*v + 25 = 0. Calculate r(b).
-5
Let q(b) = -b**2 + 5*b + 1. Let v be q(5). Let r(k) = 5*k**3 + 2*k**2 - k. Give r(v).
6
Let g(p) = p**2 + 5*p + 7. Suppose 0 = -b, k + 3 + 2 = b. What is g(k)?
7
Let u(t) = -t - 10. Let a(z) = -5. Let y(l) = 5*a(l) - 2*u(l). Let s be (-6)/(-15)*(-10)/(-1). What is y(s)?
3
Let n(k) = k**3 + 6*k**2 - 7*k + 5. Let w be 14/(-1 + (-4 - -3)). Let v be n(w). Let x(i) be the second derivative of -i**4/12 + i**3 - 7*i**2/2 + i. Give x(v).
-2
Suppose 0 = 2*y - 3*y + 1. Let f(v) = -7*v**3 + 5*v**2 - v + 5. Let r(s) = s**2 + 1. Let u(x) = f(x) - 4*r(x). Give u(y).
-6
Suppose 19*v = 20*v - 3. Let w be (-6)/9 - (-28)/6. Let c(h) = 4 + 3*h - w*h - v + 1. Calculate c(2).
0
Let y(z) = -z**2 - 6*z - 7. Suppose 2*s - 2*q = -3*s - 15, -2*s - 4*q - 30 = 0. Let a be y(s). Let h(b) = -2*b - 9*b**3 + 0*b**3 + 10*b**3. Give h(a).
-4
Let u(v) = -v**2 - 4*v + 3. Le